+ -33 - -11) + 17?
17
Evaluate (-2 - (2 + 2)) + -1 - (-1097 - -1044).
46
Calculate (290 - 266 - (-3 - 3)) + -26.
4
Evaluate (-8 - (8 - 2)) + (-480 - -412).
-82
Evaluate 56 - (0 + 2) - (4653 + -4626).
27
What is the value of -3 - (-6 - (41 + -28 + -54))?
-38
-32 - (-3 - -1 - (-780 - -787))
-23
Calculate -70 + 0 - (14518 + -14474).
-114
Evaluate 9 - (-7 + -19 - -20 - -52).
-37
Calculate 217 + -205 + -1 + 3 + -3 + -3 + -15.
-7
What is 44 - 0 - (-3240 + 3325)?
-41
Evaluate (-7 - -91) + -37 + 8.
55
Calculate (128 - 178) + 1 + 23 + -19.
-45
What is -20 + -68 + (-1 + 6 - (-4 + 9 + -4))?
-84
Evaluate -2 + -17 + (1 - -9) - ((-10 - -20) + -86).
67
What is -7 + -20 - -8 - (-93 + 1)?
73
What is 9 + -1 + -2 + (9 + 0 - -1)?
16
-41 - -2 - (23938 + -23957)
-20
2 + 13 - (-228 - -247)
-4
116 + (54 - 67) + -41
62
Evaluate 9 + -10 + (-26 - (21 + -58)).
10
What is the value of 84 - (51 - 101) - (-1 - (0 + -2)) - 13?
120
66 - 19 - (-71 + 130)
-12
Evaluate 8 - ((28 - 28) + -8 - (-12 + 0) - -47).
-43
What is 0 + -2 - (20 + (-10 - 10) + 11)?
-13
Evaluate -12 - (-26 - (0 - (68 - 37))).
-17
What is the value of 60 + (63 - (24 + 129))?
-30
What is 63 + -2 + (15 + -15 - 14) + -11?
36
What is the value of -38 - ((3 - (-5 + -5 + 19)) + -5 - -3)?
-30
What is -11 + (-52 - (-11 - 34)) + (1 - (1 - 1))?
-17
What is (-5467 - -5477) + (3 + 0 - 2) + 45?
56
Calculate -3068 - -3060 - (0 + -2 + 1 + 2 - 59).
50
-16 + (94 - (-24 + 71))
31
Evaluate -2 + 40 - (-40 - -105).
-27
Evaluate -13 + (79 - (0 + -3)) + -5 + (-15 - -22).
71
What is -42 + 38 - ((-10 - -9) + (-1 - -1) - 3)?
0
Evaluate -6 - (-48 - (-36 + -12 + 20)).
14
-31 + (-15 - ((-45 - -23) + 2))
-26
What is 5 + 40 + (39 - (34 - -4))?
46
(48 + -50 - (-12 + -1)) + (-33 - 13)
-35
What is the value of (65 + -33 + -28 - (2 + 8)) + -12?
-18
Evaluate 5 + (27 - (-16 + 35)) + (-102 - 2) - -10.
-81
Calculate 0 + -6 - (46 - (1 + 30) - 26) - -6.
11
What is the value of 89 - (-6 - 0 - (13 - 26) - (12 - 8))?
86
What is the value of 935 + -871 - (135 + -2)?
-69
What is the value of -59 + (6 - 8 - -13) + -7 + -5 + 0?
-60
What is the value of 2 - (63 + -33 - 52 - -83)?
-59
Calculate 1 + 25 + 1 - (-1676 - -1663).
40
What is the value of (8 - 1) + (21 + -84 - -8) + (1 - 0)?
-47
Evaluate -831 + 857 + (-10 - 0) + -1 - 14.
1
Calculate -5 + 10 + 5 - -23.
33
What is 1610 + -1610 + 63 + 1?
64
Calculate 370 + -338 - (17 + -2) - (2 - 30).
45
Calculate -42 + (-24 + 42 - 3).
-27
Calculate 83 - 216 - 2 - -64.
-71
What is -15 + 90 + (36 - 62) - (10 + -7)?
46
Calculate 10 + -11 + (-1 - 2) + (19 - -34).
49
What is the value of 65 - (-146 + 133 - (-15 + (2 + -1 - 5)))?
59
Calculate 143 - (101 - (-108 - -110)).
44
What is the value of (-47 - 28) + 52 - 19?
-42
What is the value of 10 + -29 - (-11 + (15 - 22))?
-1
Evaluate -1 + (-95 - -4) - (1 + (67 - 54)).
-106
Calculate 697 + -617 + (-12 - 22).
46
What is 85 + (-12 + 1 - (304 - 318))?
88
Evaluate 1 + 11 + (-20 + 40 - 62).
-30
-16 + 1 - ((19 - 57 - 28) + 3)
48
What is the value of 29 + -3 - (24 + (-35 - (-38 + 19)))?
18
Calculate -4 + (4 - -5) + 0 + (-18 - -4) + -94.
-103
36 + (-3 - 0) + (-539 - -557)
51
Evaluate (62 - 16) + (5 - 10) + -2 + 4.
43
Calculate (9 - (29 - 18 - -12) - -21) + -16.
-9
Calculate -14 - (40 + -3 + -87).
36
Evaluate -2 + 2 - 5 - (-65 + (-35 - -40 - -37)).
18
-3 - (24 - (49 - 76))
-54
Evaluate -16 - (3 + -1) - (9997 + -9953).
-62
Calculate -145 + (7 - -94 - 41).
-85
What is -4 - (23 - (47 + -30)) - (75 + 3 + 0)?
-88
Calculate 55 - (-26 + 5 - (41 - 62) - -9).
46
Evaluate -70 + -43 + 17 + 5 + 16.
-75
What is the value of -142 + 217 - (-48 - 19)?
142
Calculate (4 - 25 - 0) + -15 + 3.
-33
What is the value of -173 + -2 - (889 - 1010)?
-54
What is 35 + 5 + 2 + (-10 - -16 - 12)?
36
What is -2 - (3 - 1) - (69 - 27 - 27 - 77)?
58
Evaluate 13 - (4 - (0 + -8)) - (-13 - 1).
15
Calculate -25 - ((16 - -24) + -67) - (1 + -10).
11
Calculate -25 - (-29 + -45 + 90).
-41
Calculate 2 - -9 - (370 + -337 + 2 + -3).
-21
What is (6 - (15 + 8 + (-51 - -7))) + -7?
20
Evaluate ((-4 - -4) + -1 - (2 + 5 + -7)) + 33.
32
Calculate (-6 + 0 - 0) + (3 + (-43 - -4) - 7).
-49
-131 + 276 + -253 - (-25 + 1)
-84
Evaluate (14 - (1 - -6)) + (-1 - (-25 + -75)).
106
Calculate -7 + 9 + (-18 - (-12 - -4)) + -27.
-35
Evaluate -1327 + 1334 + (-33 - -1) + 20.
-5
What is (-6 - (-19 + -20)) + (21 - 22) + (0 - 13)?
19
What is (38 + -119 - -30) + (-7 - -3)?
-55
Calculate -184 - (52 + -267 - -99).
-68
What is (-3 - -37) + (0 - -5 - -13) + -29?
23
What is (-3014 - -3066) + (51 - 1)?
102
What is -4 + -10 - -11 - 15 - (29 + -39)?
-8
-65 + 94 + 27 - 74
-18
What is (-45 - (-5 - 12)) + -50 + -4?
-82
-11 + ((4 - -1) + 3 + 16 + -10 - 7)
-4
Evaluate (2 + 10 - -95) + -20 + 8 + (-10 - -1).
86
Calculate 13 + (2 - -2) + (-39 - -28) - 16.
-10
Calculate 57 + (-5 - (81 - 44)).
15
Evaluate (13 - (-12 + 27)) + 17.
15
Calculate (7 - -1) + 23 + 328 + -325.
34
-8 + (0 - (-20 - (-25 - -3))) + 5
-5
Calculate 44 + -7 + -36 + 38 + -15 + 6.
30
Evaluate -1 - (-24 + 13 - (9 + -59 + 0 + 2)).
-38
118 - 154 - (-10 + -6)
-20
199 - -16 - 110 - 20
85
Calculate (1 - (12 - 0)) + (6050 - 6008).
31
Calculate (-1 - 66) + 98 + -36 + -83 + (-2 - -21).
-69
-37 - ((-2 - (1 + 2)) + (-827 - -834))
-39
What is -7 - (-29 + 21) - -43 - -30?
74
276 + (-168 - -24) - 158
-26
What is 98 + -3 + -92 - (0 + 0 - 6) - -38?
47
What is the value of (2 - -14) + -14 - (15 - -77 - (0 + 0))?
-90
What is the value of 3 + (2 - 12 - -18 - 23) + -7 + 0?
-19
What is the value of 24 - 16 - (-26 - (-16 + (12 - 12)))?
18
What is 224 + -75 + -277 + 196?
68
What is the value of -21 - ((-10 - 14) + -17) - 60?
-40
Calculate 6 + 16 + 120 + -37 - 36.
69
Evaluate 43 - 81 - (46 + -133).
49
0 + 17 + (-388 - -349) + -75 + 3
-94
Calculate (-54 - (0 + (2 - 1) - 2)) + 5297 + -5292.
-48
Calculate (-10 - 21) + (13 - (26 + -12)).
-32
Calculate -461 + 591 + (-53 - 22).
55
-10 + -37 - (13 - (4 + (4 - 12) + 20))
-44
Evaluate (2522 - 2602) + (0 - -75).
-5
What is (1 - 14 - (231 + -227)) + 6 - 2?
-13
Calculate 3 - (77 + (-127 - -107 - (-2 + 0))).
-56
10 - ((7 - 3) + -2 + 37 + 5)
-34
What is the value of (20 + 4 - -1) + 24 + -52 - (2 + 86)?
-91
What is the value of (-14 + (-39 - -26) - 49) + (6 - -1)?
-69
What is 5 - 2 - (621 - 628)?
10
Evaluate (0 - (0 + (-35 - -21))) + -16 + 2 + -62.
-62
Evaluate 6 - 40 - (968 - 1072).
70
-11 + (35 - 16) + -44
-36
Calculate -46 + 1 + -185 + 169 + 39.
-22
What is the value of 4600 - 4586 - (0 - (-1 + -16))?
-3
39 + -1 + (-39 - (-40 - -15))
24
(-50 - (-8 - 14) - -27) + (-3 - -20) + -3
13
Calculate -1 + (0 - 33) - ((51 - 190) + 136).
-31
Calculate (-21 - (5 - 17)) + (0 - (-19 + -17)).
27
What is the value of -4 - -14 - (-242 - -263) - -88?
77
Calculate -1 + -3 + 5 + 103 + 64 + -26 + -27.
115
What is the value of 20 - (47 - (33 + -19))?
-13
6 + (-18 - (5 - (3 + (1 - (7 - 9)))))
-11
What is the value of -22 + 50 + (35 - 23)?
40
Calculate (-19 - (-16 + 10)) + 47 + -17 - 47.
-30
Calculate (17 + -12 - 9) + 2 + 10 + (-110 - -39).
-63
Calculate 29 + (-206 - -183 - (-18 + 1)).
23
Evaluate -41 + 39 + -8 + 10.
0
What is 2214 + -2258 + (-4 - 13) + -3?
-64
Calculate (-30 - -21) + 12 + -9 + 130 + -9.
115
Evaluate -42 - -70 - (-2 - -22) - -33.
41
100 + 0 - ((149 - -22) + -146)
75
Calculate 2 - (11 - ((-19 - -10 - 0) + 22) - -15).
-11
What is (-1204 - -1187) + 1 + 103 + -21?
66
What is the value of 34 - (-64 + (-33 - -139))?
-8
What is the value of -7 + 4 + -24 + 91?
64
Evaluate -8 - (13 + 14 - -1).
-36
What is the value of -7 + -7 + -7 + -3 + (-1 - -5)?
-20
4 - (79 - -5) - -5
-75
(-86 - -14) + -29 + 25 + 25
-51
6 + -9 + -8 + 26 + -33 + 73
55
Calculate 2 + -2 + (158 - 177) + (2 - 0).
-17
(13 + 8 - 36 - -18) + (4 - 3)
4
What is the value of (51 - (-5 + 0) - (-354 + 352)) + (-2 - -1)?
57
What is the value of 45 - (40 + (-143 - -64))?
84
Evaluate -24 + 22 + (-16 - 21) + -9.
-48
What is the value of 49 - ((-11 - -54 - 14) + -9 - 12)?
41
What is the value of -43 + 100 + -196 + 96?
-43
What is the value of (-5 + 39 - 1) + -6 + 7?
34
What is (-1 - -16) + (22 + -38 + 21 - 72)?
-52
What is the value of 46 - (11 + 1 - (2 + (-1 - -2)) - -3)?
34
Calculate (-27 - -10 - (-4 - 2 - -8)) + -84.
-103
What is -63 + 123 + 17 + -60?
17
What is 40 - 13 - (20 - -6) - 81?
-80
What is -26 + 18 + -32 + 63 + -34?
-11
Evaluate 4 + -22 + (36 